703.
19, 37
What are the prime factors of 570?
2, 3, 5, 19
What are the prime factors of 3997?
7, 571
List the prime factors of 28865.
5, 23, 251
List the prime factors of 4671.
3, 173
List the prime factors of 1320.
2, 3, 5, 11
What are the prime factors of 200?
2, 5
List the prime factors of 287.
7, 41
What are the prime factors of 53631?
3, 59, 101
What are the prime factors of 21163?
21163
What are the prime factors of 90009?
3, 73, 137
What are the prime factors of 2416?
2, 151
List the prime factors of 39817.
29, 1373
List the prime factors of 39437.
113, 349
List the prime factors of 13009.
13009
List the prime factors of 1039.
1039
List the prime factors of 54028.
2, 13, 1039
List the prime factors of 487.
487
List the prime factors of 5148.
2, 3, 11, 13
What are the prime factors of 39995?
5, 19, 421
List the prime factors of 147.
3, 7
What are the prime factors of 1765?
5, 353
List the prime factors of 850.
2, 5, 17
What are the prime factors of 8925?
3, 5, 7, 17
What are the prime factors of 6334?
2, 3167
What are the prime factors of 791?
7, 113
List the prime factors of 543.
3, 181
List the prime factors of 4902.
2, 3, 19, 43
What are the prime factors of 41016?
2, 3, 1709
What are the prime factors of 435?
3, 5, 29
What are the prime factors of 4341?
3, 1447
What are the prime factors of 726?
2, 3, 11
List the prime factors of 3593.
3593
What are the prime factors of 4437?
3, 17, 29
List the prime factors of 14566.
2, 7283
What are the prime factors of 2392?
2, 13, 23
What are the prime factors of 4864?
2, 19
What are the prime factors of 100114?
2, 7, 7151
What are the prime factors of 1752?
2, 3, 73
What are the prime factors of 528?
2, 3, 11
List the prime factors of 236.
2, 59
What are the prime factors of 1569?
3, 523
What are the prime factors of 23050?
2, 5, 461
What are the prime factors of 1325?
5, 53
What are the prime factors of 143623?
31, 41, 113
List the prime factors of 4314.
2, 3, 719
What are the prime factors of 50664?
2, 3, 2111
List the prime factors of 10660.
2, 5, 13, 41
What are the prime factors of 8375?
5, 67
What are the prime factors of 2101?
11, 191
List the prime factors of 1496.
2, 11, 17
List the prime factors of 12314.
2, 47, 131
What are the prime factors of 3761?
3761
List the prime factors of 2490.
2, 3, 5, 83
List the prime factors of 550.
2, 5, 11
What are the prime factors of 693?
3, 7, 11
List the prime factors of 8418.
2, 3, 23, 61
List the prime factors of 7122.
2, 3, 1187
What are the prime factors of 121663?
89, 1367
What are the prime factors of 1582?
2, 7, 113
List the prime factors of 1048.
2, 131
List the prime factors of 8811.
3, 11, 89
What are the prime factors of 4779?
3, 59
List the prime factors of 1011.
3, 337
What are the prime factors of 710?
2, 5, 71
List the prime factors of 3373.
3373
List the prime factors of 2678.
2, 13, 103
List the prime factors of 74291.
7, 10613
What are the prime factors of 24952?
2, 3119
What are the prime factors of 14569?
17, 857
What are the prime factors of 257?
257
What are the prime factors of 8166?
2, 3, 1361
What are the prime factors of 1458?
2, 3
What are the prime factors of 85534?
2, 42767
List the prime factors of 115803.
3, 4289
What are the prime factors of 19800?
2, 3, 5, 11
List the prime factors of 33944.
2, 4243
List the prime factors of 23166.
2, 3, 11, 13
What are the prime factors of 5105?
5, 1021
What are the prime factors of 130257?
3, 41, 353
List the prime factors of 160.
2, 5
What are the prime factors of 5772?
2, 3, 13, 37
List the prime factors of 4467.
3, 1489
List the prime factors of 532.
2, 7, 19
List the prime factors of 1309.
7, 11, 17
What are the prime factors of 4324?
2, 23, 47
List the prime factors of 1917.
3, 71
What are the prime factors of 925?
5, 37
List the prime factors of 1542.
2, 3, 257
List the prime factors of 1262.
2, 631
List the prime factors of 2094.
2, 3, 349
List the prime factors of 2199.
3, 733
What are the prime factors of 2963?
2963
What are the prime factors of 25431?
3, 7, 173
List the prime factors of 338.
2, 13
What are the prime factors of 13899?
3, 41, 113
List the prime factors of 1268.
2, 317
What are the prime factors of 508?
2, 127
What are the prime factors of 6790?
2, 5, 7, 97
List the prime factors of 2384.
2, 149
What are the prime factors of 1182?
2, 3, 197
What are the prime factors of 6895?
5, 7, 197
List the prime factors of 10000.
2, 5
List the prime factors of 8226.
2, 3, 457
What are the prime factors of 6628?
2, 1657
List the prime factors of 2192.
2, 137
List the prime factors of 1581.
3, 17, 31
What are the prime factors of 289?
17
What are the prime factors of 1028?
2, 257
What are the prime factors of 11686?
2, 5843
What are the prime factors of 16133?
13, 17, 73
List the prime factors of 63863.
63863
What are the prime factors of 15322?
2, 47, 163
What are the prime factors of 30206?
2, 11, 1373
List the prime factors of 2942.
2, 1471
List the prime factors of 19087.
19087
List the prime factors of 6441.
3, 19, 113
What are the prime factors of 5679?
3, 631
List the prime factors of 55334.
2, 73, 379
List the prime factors of 1383.
3, 461
List the prime factors of 38174.
2, 19087
List the prime factors of 287.
7, 41
What are the prime factors of 223?
223
List the prime factors of 8662.
2, 61, 71
What are the prime factors of 82442?
2, 41221
What are the prime factors of 1955?
5, 17, 23
List the prime factors of 54230.
2, 5, 11, 17, 29
What are the prime factors of 3792?
2, 3, 79
List the prime factors of 455.
5, 7, 13
List the prime factors of 123.
3, 41
List the prime factors of 25559.
61, 419
What are the prime factors of 8811?
3, 11, 89
What are the prime factors of 279?
3, 31
What are the prime factors of 25003?
11, 2273
List the prime factors of 62069.
7, 8867
What are the prime factors of 7101?
3, 263
List the prime factors of 55155.
3, 5, 3677
List the prime factors of 883.
883
List the prime factors of 7224.
2, 3, 7, 43
What are the prime factors of 7174?
2, 17, 211
What are the prime factors of 10983?
3, 7, 523
What are the prime factors of 126372?
2, 3, 10531
What are the prime factors of 4806?
2, 3, 89
What are the prime factors of 3770?
2, 5, 13, 29
What are the prime factors of 11007?
3, 1223
What are the prime factors of 122?
2, 61
What are the prime factors of 1335?
3, 5, 89
What are the prime factors of 199417?
199417
What are the prime factors of 127497?
3, 42499
What are the prime factors of 4931?
4931
List the prime factors of 50746.
2, 25373
What are the prime factors of 8620?
2, 5, 431
What are the prime factors of 23014?
2, 37, 311
List the prime factors of 3126.
2, 3, 521
List the prime factors of 546.
2, 3, 7, 13
What are the prime factors of 18005?
5, 13, 277
List the prime factors of 191.
191
List the prime factors of 2123.
11, 193
List the prime factors of 28959.
3, 7, 197
What are the prime factors of 10649?
23, 463
List the prime factors of 27366.
2, 3, 4561
What are the prime factors of 28771?
28771
What are the prime factors of 13393?
59, 227
List the prime factors of 14736.
2, 3, 307
What are the prime factors of 73060?
2, 5, 13, 281
What are the prime factors of 40570?
2, 5, 4057
What are the prime factors of 4775?
5, 191
What are the prime factors of 3459?
3, 1153
What are the prime factors of 7086?
2, 3, 1181
List the prime factors of 1547.
7, 13, 17
What are the prime factors of 16041?
3, 5347
What are the prime factors of 87094?
2, 7, 6221
What are the prime factors of 5505?
3, 5, 367
List the prime factors of 4363.
4363
List the prime factors of 22621.
22621
What are the prime factors of 12819?
3, 4273
What are the prime factors of 30922?
2, 15461
What are the prime factors of 5198?
2, 23, 113
What are the prime factors of 6987?
3, 17, 137
What are the prime factors of 12099?
3, 37, 109
What are the prime factors of 7850?
2, 5, 157
What are the prime factors of 10651?
10651
What are the prime factors of 992?
2, 31
What are the prime factors of 994?
2, 7, 71
List the prime factors of 3109.
3109
List the prime factors of 2053.
2053
List the prime factors of 1568.
2, 7
List the prime factors of 271.
271
What are the prime factors of 4758?
2, 3, 13, 61
List the prime factors of 1501.
19, 79
List the prime factors of 3856.
2